 Calculate k(n).
5
Suppose 0 = s - 4*s + 9. Let t be 10/(-15)*s/(-2). Let v be t + 3 + -1 + -8. Let u(h) = -h**2 - 5*h + 4. Determine u(v).
4
Let p be (11 - 41)/(3/(6/(-4))). Let z(g) = g**2 - 15*g + 13. Determine z(p).
13
Suppose 2*g - l + 14 = 2*l, 0 = -3*g - 4*l + 13. Let f be -2 + -1 + 6 + 2. Let m(o) = -4 - 3 + f - 9*o + 1. Give m(g).
8
Let i(b) = -75*b**2 + 25*b**2 - 5 + 8*b + 23*b**2 + 26*b**2. Calculate i(8).
-5
Suppose 0 = -j - 3*x, -3*x + 30 = -j - 0*x. Let p = j - -17. Let s(b) = 8*b**p - 3*b + b**3 + 0*b**2 - 4*b**2 + 1. What is s(-5)?
-9
Suppose 22 = 26*n - 30. Let g(v) be the second derivative of -v**4/4 + v**3/6 + v**2 - 3*v. Let h(x) be the first derivative of g(x). Calculate h(n).
-11
Suppose 1019*d = 1023*d - 24. Let m(w) = w - 3. Determine m(d).
3
Let u be 2 - 1/(-2*(-7)/(-112)). Let p(b) be the second derivative of 1/6*b**3 - 4*b**2 - u*b + 0. Determine p(6).
-2
Let z(r) = -2*r**2 - 5*r - 2. Let x(k) = 6*k**2 + 14*k + 6. Let v(q) = -5*x(q) - 14*z(q). Suppose -3*l = -l + 4. What is v(l)?
-10
Suppose 1434*q = 1428*q + 30. Let y(o) = 3*o**3 - 2*o**2 - 6*o. Let f(x) = -13*x**3 + 7*x**2 + 24*x + 1. Let s(n) = 2*f(n) + 9*y(n). Determine s(q).
-3
Let d = -20 - -41. Suppose d = -3*z + 6*z. Let y(b) = -4*b + 0*b + z*b**2 + 3 + b**2 - b**3 - 2*b**2. Determine y(5).
8
Let y(o) be the third derivative of -o**7/840 + o**6/72 + 3*o**5/40 - o**4/3 - 17*o**3/6 + 15*o**2. Let z(k) be the first derivative of y(k). Determine z(6).
10
Let q = 32 - 28. Let x(k) be the third derivative of -1/12*k**q + 0 + 0*k - 1/2*k**3 + k**2. Give x(-2).
1
Let w(l) = 2*l + 8. Let u = 110 - 118. Give w(u).
-8
Let z(o) = -o + 7. Suppose -5*b - 5*w + 19 = -1, -b = -w - 8. Determine z(b).
1
Suppose o = 2 + 3. Suppose -f + o*c + 21 = -0*c, 16 = -4*c. Let k(g) = 72*g + 7. Let a(y) = 173*y + 17. Let n(z) = -2*a(z) + 5*k(z). Determine n(f).
15
Suppose -16 = -2*b + 2*c, -8*b + 7*b - 10 = 5*c. Let d(m) = m**3 - 6*m**2 + 7*m - 7. Give d(b).
3
Suppose -11 = -t + 48. Let b = t - 64. Let q(n) = -n**3 - 4*n**2 + 4*n + 2. Calculate q(b).
7
Let k(y) be the second derivative of 0*y**3 - 11*y + 0 + y**2 - 3/20*y**5 + 1/6*y**4. Calculate k(2).
-14
Let h(r) be the second derivative of r**4/12 - 2*r**3 + 7*r**2 - 11*r + 1. Calculate h(6).
-22
Let a(u) = -49*u + 24*u + 26*u. Let c(f) be the first derivative of f**3/3 + 5*f**2/2 - f + 2. Let z(r) = 10*a(r) - 2*c(r). Calculate z(2).
-6
Let m(n) be the first derivative of -n**4/4 + n**3/3 + 5*n**2/2 - n - 306. Calculate m(4).
-29
Let g(n) = -13*n - 3. Let u be 10/4*52/(-65). Determine g(u).
23
Let k(x) = 5*x - 7. Let q(i) = -i**3 + 2*i**2 + 5. Suppose 2 = 12*p - 11*p. Let y be q(p). What is k(y)?
18
Suppose u + 0*u = 4. Suppose h = 2*d - 37, 8*d - 88 = 3*d + u*h. Let q be (d/25)/(6/(-45)). Let y(n) = n**3 + 7*n**2 + 4*n + 5. Give y(q).
17
Let s be 2/(8/(-28)*-1). Suppose -k = -8*k - s. Let q be 6*(1 - (k - -1)). Let b(r) = r**2 - 5*r. Calculate b(q).
6
Let n(w) = 97*w - 16. Let x(a) = -36*a + 5. Let t(v) = 3*n(v) + 8*x(v). Calculate t(-5).
-23
Let o(f) = -152 + 76 + 69 + 2*f. Let w = -1 - -4. Let s be w + -4*(-2)/4. Determine o(s).
3
Suppose 2*o - 1 = 3. Let v(i) = 1 + 2 - 13 + 8 - o*i. What is v(3)?
-8
Let s(m) = -2*m**2 - 5*m + 6. Let b(j) = 7*j**2 - j + 8. Let z be b(-3). Let a = -79 + z. Give s(a).
-19
Suppose 12 = 14*s + 82. Let a(o) = -o**2 - 7*o - 1. Give a(s).
9
Let q(i) = -82*i**3 - 29*i**2 + 11*i. Let p(c) = -27*c**3 - 11*c**2 + 4*c. Let s(u) = 8*p(u) - 3*q(u). Determine s(-1).
-30
Let k(t) = 2*t**2 - t. Let o(s) = -11*s**2 + s - 7. Let n(x) = 6*k(x) + o(x). Calculate n(7).
7
Let c(k) = k**2 - k + 1. Suppose 0 = 2*y + y + 4*o - 56, -5*o + 73 = 4*y. Let t = y + -4. Suppose t*u - 7 = 3*u + 2*h, -3*u - 4*h - 1 = 0. What is c(u)?
1
Let u(s) = -24*s**3 - 10*s**2 - 8*s + 1. Let r(x) = 2*x**2 + x. Let j(c) = 6*r(c) + u(c). Calculate j(1).
-23
Let g(d) = -d**3 + 14*d**2 - 25*d + 15. Let b be g(12). Let f(x) be the third derivative of 2*x**2 - 1/24*x**4 + 0 + 0*x + 1/3*x**3. Give f(b).
-1
Let v(h) = -2*h + 7. Let z be (12/14)/(9/63). Suppose 24 = 3*w + z. Suppose 4*r = w*r - 10. Determine v(r).
-3
Let h(l) = 6*l**2 + 10*l**3 + l + 6*l**2 + 12 + 19*l**3 - 28*l**3. Give h(-12).
0
Let z = 1 - 0. Suppose 2*l - i = 13, 2*i + 33 - z = 5*l. Suppose 3*y = 2*v + l, 3 = -y - 2*y - v. Let j(c) = c**3 + c. What is j(y)?
0
Let l(g) = 10*g + 3. Suppose -16 + 46 = -10*r. Give l(r).
-27
Let x(s) = -5*s - 1. Let g(b) = b - 3. Let k(f) be the first derivative of -f**2 + 2*f + 6. Let c be k(0). Let u be g(c). Determine x(u).
4
Let x(a) = -1. Let u(z) = 2*z**2 - 4*z - 10. Let r(w) = -u(w) + 12*x(w). Suppose 0 = -633*t + 638*t + 2*d - 8, d + 11 = 5*t. Calculate r(t).
-2
Suppose -6*b = -2*b - 24. Let x(o) be the second derivative of -o**3/3 + 7*o**2/2 + 391*o. Determine x(b).
-5
Let q(g) = -g - 1. Let o be q(-4). Let n(c) = 2*c**2 + o*c**3 + 3 + c**2 - 2*c**3 - 5 - 2*c. Determine n(-3).
4
Let z(s) = -s + 21. Let h(g) = -2. Let a(v) = 4*h(v) + z(v). Give a(10).
3
Let y(x) = 2*x + 26. Let l be y(-24). Let d(a) = -4*a - 4. Let p(g) = -g - 1. Let o(f) = l*p(f) + 6*d(f). What is o(-2)?
2
Let x(z) be the third derivative of -z**6/120 + 7*z**5/60 + z**4/12 - 5*z**3/3 - 44*z**2. Suppose -2*l - 21 = -5*l. Determine x(l).
4
Let a(y) be the third derivative of -y**6/360 + y**5/120 - y**4/12 + 11*y**3/6 + 15*y**2. Let b(r) be the first derivative of a(r). Determine b(0).
-2
Let a(o) = -7*o. Let q be 3 - (-11 - -13 - (1 + 1)). Determine a(q).
-21
Let a(i) = 18*i**2 - 2*i + 21. Let v(k) = 5*k**2 - k + 7. Let s(m) = 2*a(m) - 7*v(m). Let w(c) = -c**3 + 10*c**2 + 10*c + 5. Let d be w(11). Determine s(d).
11
Let n(u) = -u**2 - u - 3. Let m(f) = -f**3 - 5*f**2 + 8*f - 10. Let d be m(-6). Let k = d - -17. Determine n(k).
-23
Let o(y) be the third derivative of 1/60*y**5 + 1/12*y**4 - 1/6*y**3 + 19*y**2 + 0*y + 0. What is o(1)?
2
Let p(t) = -11*t**2 - 11 - 12*t + t**3 + 17*t**2 + 2*t**2. Calculate p(-9).
16
Let b(w) = -7*w**2 + 9*w + 2. Let v(j) = -2*j**2 + j. Let q(p) = -b(p) + 5*v(p). Suppose 0 = -n + 1 - 3. What is q(n)?
-6
Let v(q) = -q**3 + 2 + 87*q**2 + 4 - 57*q**2 + 4*q - 33*q**2. Give v(-3).
-6
Let x(b) = 3*b**2 - 1. Let s be x(1). Suppose -m + 2*m + 2*j = 5, 0 = -s*m + 3*j - 18. Let w(q) = q**2 - q - q**2 - 2 - 4*q**2 + 5*q**2. Determine w(m).
10
Suppose 9*d + 75 = 14*d. Suppose -a - d + 10 = 0. Let c(x) = x**3 + 5*x**2 - x + 2. What is c(a)?
7
Let q(g) = -16*g - 6*g**2 - g**3 - 7*g**2 - 13 + 2*g**2 + 4*g**2 - 9*g**2. Calculate q(-15).
2
Let y(o) = o**3 + o**2 + o - 17. Let z be (6/3)/(4/16). Let b = z - 8. Determine y(b).
-17
Let x(b) = b**2 + 3*b + 3. Let y(h) = -h**3 - 21*h**2 + 23*h + 29. Let j be y(-22). Suppose j*w = 2*w - 20. Give x(w).
7
Let l(v) = 36*v + 35 - 44*v - 57 + v**2 + 27. Suppose 3 = -2*q + 17. Give l(q).
-2
Let b = 5 + -7. Let p = b + 3. Let d(t) = 5*t - 5. Let a(i) = i - 1. Let u(z) = p*d(z) - 4*a(z). Calculate u(-3).
-4
Let v be ((-3)/(-2))/(3/4). Let j(t) = 1 + t**3 - 3 - 2*t**2 + 9*t**v. Calculate j(-7).
-2
Let j(t) = t**2 - 8*t. Let y(s) = s**2 - 7*s + 1. Let n(r) = r**3 + 6*r**2 + r + 8. Let u be n(-6). Let l(b) = u*j(b) - 3*y(b). Give l(4).
1
Let i(p) = -3*p**3 + 3*p**2 - 6*p + 5. Let q(d) = -7*d**3 + 6*d**2 - 13*d + 11. Let n = -34 + 25. Let o(j) = n*i(j) + 4*q(j). Calculate o(-4).
7
Let t = 6 - 9. Let b(n) = -n**2 - 5*n - 5. Let o(w) = 3*w - 1. Let x(i) = -b(i) + o(i). Determine x(t).
-11
Let n = 987 - 984. Let t(r) = 2*r + 5 + 0*r - 2. What is t(n)?
9
Let v(l) = l**3 - 5*l**2 + 7*l - 5. Let w be 6 - (4 + (-3 - -2)). Let u be -3*(-2)/w + -18. Let q = u - -20. Determine v(q).
7
Let v(b) = -3*b - 20. Let o be v(-8). Let d(x) = 5*x - 12. What is d(o)?
8
Let y = -2 - 37. Let j = 69 + y. Suppose 5*b + 5*f = -j, 16 = -5*b + 3*f + 2. Let h(a) = -a**2 - 4*a - 4. Determine h(b).
-4
Suppose 0 = -2*t + 4*w + 22, -3*t + 8*t - 2*w = 39. Let r(p) = -p**2 + 5*p + 15. Give r(t).
1
Let k = -118 + 117. Let q(o) = 35*o**3 - o. Give q(k).
-34
Let r(h) = 2*h - 5. Suppose -1 - 1 = -o. Let t = 19 - 18. Let z be -4 + 2/o - t. Determine r(z).
-13
Let x(s) = -s**2 - 4*s - 7. Let l(i) = -9*i**2 + 13*i - 7. Let a be l(1). Give x(a).
-4
Let a = 30 - 1. Suppose 4*u = 5*d - a, d - 2*u = 6*d - 23. Let k(f) = -f**3 + 5*f**2 - 2*f + 2. What is k(d)?
-8
Let y = -27 - -